{"id":5696,"date":"2016-04-15T05:49:14","date_gmt":"2016-04-15T09:49:14","guid":{"rendered":"http:\/\/www.mcclaca.org\/es\/?page_id=5696"},"modified":"2016-06-13T17:11:03","modified_gmt":"2016-06-13T21:11:03","slug":"mennonite-central-committee-mcc","status":"publish","type":"page","link":"https:\/\/www.mcclaca.org\/es\/mennonite-central-committee-mcc\/","title":{"rendered":"Comit\u00e9 Central Menonita (CCM)"},"content":{"rendered":"<p>El Comit\u00e9 Central Menonita (CCM), un ministerio mundial de las iglesias anabautistas, comparte el amor de Dios y su compasi\u00f3n por todos en el nombre de Cristo respondiendo a las necesidades b\u00e1sicas humanas y trabajando por la paz y la justicia.<\/p>\n<p>En todos nuestros programas estamos comprometidos a<strong> estar en relaci\u00f3n con socios e iglesias locales.<\/strong><\/p>\n<p>Como una organizaci\u00f3n Anabautista, nos esforzamos en incluir la paz como parte de todo lo que hacemos. Cuando respondemos a desastres, trabajamos con grupos locales para distribuir recursos en maneras que minimiza conflictos. En el trabajo de desarrollo, planificamos con grupos de comunidades e iglesias para asegurar que los planes cumplen con sus necesidades. Trabajamos con grupos asociados en el tema de incidencia por pol\u00edticas que conduzcan a un mundo m\u00e1s justo y pac\u00edfico.<\/p>\n<p>Esperamos que t\u00fa seas parte de nuestro trabajo e alivio, desarrollo y paz en el nombre de Cristo.<\/p>\n<p>&nbsp;<\/p>\n","protected":false},"excerpt":{"rendered":"<p>El Comit\u00e9 Central Menonita (CCM), un ministerio mundial de las iglesias anabautistas, comparte el amor de Dios y su compasi\u00f3n por todos en el nombre de Cristo respondiendo a las necesidades b\u00e1sicas humanas y trabajando por la paz y la justicia. En todos nuestros programas estamos comprometidos a estar en relaci\u00f3n con socios e iglesias [&hellip;]<\/p>\n","protected":false},"author":2,"featured_media":5559,"parent":0,"menu_order":0,"comment_status":"closed","ping_status":"closed","template":"","meta":{"nf_dc_page":"","jetpack_post_was_ever_published":false,"footnotes":""},"class_list":["post-5696","page","type-page","status-publish","has-post-thumbnail","hentry"],"jetpack_sharing_enabled":true,"jetpack_shortlink":"https:\/\/wp.me\/P7pJjQ-1tS","jetpack-related-posts":[{"id":5855,"url":"https:\/\/www.mcclaca.org\/es\/colombia\/","url_meta":{"origin":5696,"position":0},"title":"Colombia","author":"Ted Oswald","date":"15 de abril de 2016","format":false,"excerpt":"El CCM ha apoyado el trabajo en Colombia por medio de nuestros socios anabautistas desde 1976. En el 2002, el CCM abri\u00f3 una oficina en Bogot\u00e1 para darles un acompa\u00f1amiento mas cercano durante la era de los desplazamientos masivos debido al conflicto armado. El CCM apoya el trabajo de las\u2026","rel":"","context":"Entrada similar","block_context":{"text":"Entrada similar","link":""},"img":{"alt_text":"MCC Colombia logo","src":"https:\/\/i0.wp.com\/www.mcclaca.org\/wp-content\/uploads\/2016\/04\/MCC-Colombia-logo-1024x121.jpg?resize=350%2C200","width":350,"height":200,"srcset":"https:\/\/i0.wp.com\/www.mcclaca.org\/wp-content\/uploads\/2016\/04\/MCC-Colombia-logo-1024x121.jpg?resize=350%2C200 1x, https:\/\/i0.wp.com\/www.mcclaca.org\/wp-content\/uploads\/2016\/04\/MCC-Colombia-logo-1024x121.jpg?resize=525%2C300 1.5x, https:\/\/i0.wp.com\/www.mcclaca.org\/wp-content\/uploads\/2016\/04\/MCC-Colombia-logo-1024x121.jpg?resize=700%2C400 2x"},"classes":[]},{"id":607,"url":"https:\/\/www.mcclaca.org\/espanol\/","url_meta":{"origin":5696,"position":1},"title":"Espa\u00f1ol","author":"Anna Vogt","date":"22 de mayo de 2012","format":false,"excerpt":"La Incidencia en CCM de Am\u00e9rica Latina y el Caribe Este es el blog del Programa de Incidencia para la secci\u00f3n de Am\u00e9rica Latina y el Caribe del Comit\u00e9 Central Menonita (CCM).\u00a0Es un sitio para compartir ideas, historias y acci\u00f3nes con respecto a temas cr\u00edticas en la regi\u00f3n. CCM es\u2026","rel":"","context":"Entrada similar","block_context":{"text":"Entrada similar","link":""},"img":{"alt_text":"","src":"","width":0,"height":0},"classes":[]},{"id":5858,"url":"https:\/\/www.mcclaca.org\/es\/honduras\/","url_meta":{"origin":5696,"position":2},"title":"Honduras","author":"Ted Oswald","date":"15 de abril de 2016","format":false,"excerpt":"La presencia del Comit\u00e9 Central Menonita (CCM) en Honduras se inici\u00f3 en 1980 a petici\u00f3n de la Iglesia Evang\u00e9lica Menonita Hondure\u00f1a (IEMH) que estaba trabajando con los refugiados salvadore\u00f1os en la parte occidental del pa\u00eds. CCM apoy\u00f3 la asistencia a los refugiados con recursos materiales y personal del CCM de\u2026","rel":"","context":"Entrada similar","block_context":{"text":"Entrada similar","link":""},"img":{"alt_text":"","src":"https:\/\/i0.wp.com\/www.mcclaca.org\/wp-content\/uploads\/2016\/04\/Mcc-Honduras-1-1024x120.jpg?resize=350%2C200","width":350,"height":200,"srcset":"https:\/\/i0.wp.com\/www.mcclaca.org\/wp-content\/uploads\/2016\/04\/Mcc-Honduras-1-1024x120.jpg?resize=350%2C200 1x, https:\/\/i0.wp.com\/www.mcclaca.org\/wp-content\/uploads\/2016\/04\/Mcc-Honduras-1-1024x120.jpg?resize=525%2C300 1.5x, https:\/\/i0.wp.com\/www.mcclaca.org\/wp-content\/uploads\/2016\/04\/Mcc-Honduras-1-1024x120.jpg?resize=700%2C400 2x"},"classes":[]},{"id":6102,"url":"https:\/\/www.mcclaca.org\/programa-de-enlaces-espanol\/","url_meta":{"origin":5696,"position":3},"title":"Sobre el programa de Enlaces (espa\u00f1ol)","author":"Honduras Connecting Peoples","date":"31 de enero de 2012","format":false,"excerpt":"Visi\u00f3n General El programa de enlaces es una iniciativa de la construcci\u00f3n de la paz del Comit\u00e9 Central Menonita (CCM) que quiere romper las paredes entre personas y ampliar la perspectiva y conocimiento de los participantes para hacer cambios en las comunidades que los reciben y en sus propias comunidades.\u2026","rel":"","context":"Entrada similar","block_context":{"text":"Entrada similar","link":""},"img":{"alt_text":"","src":"","width":0,"height":0},"classes":[]},{"id":1105,"url":"https:\/\/www.mcclaca.org\/espanol\/tres-formas-de-paz-en-bolivia\/","url_meta":{"origin":5696,"position":4},"title":"Tres formas de paz en Bolivia","author":"Anna Vogt","date":"20 de noviembre de 2012","format":false,"excerpt":"Por Adrienne Wiebe, CCM Am\u00e9rica Latina Las Menonitas han interpretado la llamada b\u00edblica a la paz de varias maneras en su historia. En un viaje reciente, vi en Santa Cruz, Bolivia tres formas en las que las Menonitas estuvieron viviendo esta llamada a la paz. Una forma de la vida\u2026","rel":"","context":"Entrada similar","block_context":{"text":"Entrada similar","link":""},"img":{"alt_text":"","src":"https:\/\/lacaadvocacy.files.wordpress.com\/2012\/11\/img_4866.jpg?w=350&h=200&crop=1","width":350,"height":200},"classes":[]},{"id":5856,"url":"https:\/\/www.mcclaca.org\/es\/guatemala-el-salvador\/","url_meta":{"origin":5696,"position":5},"title":"Guatemala &#038; El Salvador","author":"Ted Oswald","date":"15 de abril de 2016","format":false,"excerpt":"CCM inici\u00f3 su trabajo en Guatemala en 1976 despu\u00e9s de un devastador terremoto en el pa\u00eds, que mat\u00f3 a m\u00e1s de 25.000 personas y desplazo a 1,25 millones. CCM inici\u00f3 su trabajo en El Salvador en 1981 en respuesta a la crisis de refugiados, generada por la guerra civil que\u2026","rel":"","context":"Entrada similar","block_context":{"text":"Entrada similar","link":""},"img":{"alt_text":"","src":"","width":0,"height":0},"classes":[]}],"_links":{"self":[{"href":"https:\/\/www.mcclaca.org\/es\/wp-json\/wp\/v2\/pages\/5696","targetHints":{"allow":["GET"]}}],"collection":[{"href":"https:\/\/www.mcclaca.org\/es\/wp-json\/wp\/v2\/pages"}],"about":[{"href":"https:\/\/www.mcclaca.org\/es\/wp-json\/wp\/v2\/types\/page"}],"author":[{"embeddable":true,"href":"https:\/\/www.mcclaca.org\/es\/wp-json\/wp\/v2\/users\/2"}],"replies":[{"embeddable":true,"href":"https:\/\/www.mcclaca.org\/es\/wp-json\/wp\/v2\/comments?post=5696"}],"version-history":[{"count":4,"href":"https:\/\/www.mcclaca.org\/es\/wp-json\/wp\/v2\/pages\/5696\/revisions"}],"predecessor-version":[{"id":6862,"href":"https:\/\/www.mcclaca.org\/es\/wp-json\/wp\/v2\/pages\/5696\/revisions\/6862"}],"wp:featuredmedia":[{"embeddable":true,"href":"https:\/\/www.mcclaca.org\/es\/wp-json\/wp\/v2\/media\/5559"}],"wp:attachment":[{"href":"https:\/\/www.mcclaca.org\/es\/wp-json\/wp\/v2\/media?parent=5696"}],"curies":[{"name":"wp","href":"https:\/\/api.w.org\/{rel}","templated":true}]}}

Comité Central Menonita (CCM)

<p>El Comité Central Menonita (CCM), un ministerio mundial de las iglesias anabautistas, comparte el amor de Dios y su compasión por todos en el nombre de Cristo respondiendo a las necesidades básicas humanas y trabajando por la paz y la justicia.</p>
<p>En todos nuestros programas estamos comprometidos a<strong> estar en relación con socios e iglesias locales.</strong></p>
<p>Como una organización Anabautista, nos esforzamos en incluir la paz como parte de todo lo que hacemos. Cuando respondemos a desastres, trabajamos con grupos locales para distribuir recursos en maneras que minimiza conflictos. En el trabajo de desarrollo, planificamos con grupos de comunidades e iglesias para asegurar que los planes cumplen con sus necesidades. Trabajamos con grupos asociados en el tema de incidencia por políticas que conduzcan a un mundo más justo y pacífico.</p>
<p>Esperamos que tú seas parte de nuestro trabajo e alivio, desarrollo y paz en el nombre de Cristo.</p>
<p>&nbsp;</p>

<p>El Comité Central Menonita (CCM), un ministerio mundial de las iglesias anabautistas, comparte el amor de Dios y su compasión por todos en el nombre de Cristo respondiendo a las necesidades básicas humanas y trabajando por la paz y la justicia. En todos nuestros programas estamos comprometidos a estar en relación con socios e iglesias [&hellip;]</p>

El CCM ha apoyado el trabajo en Colombia por medio de nuestros socios anabautistas desde 1976. En el 2002, el CCM abrió una oficina en Bogotá para darles un acompañamiento mas cercano durante la era de los desplazamientos masivos debido al conflicto armado. El CCM apoya el trabajo de las…

Español

La Incidencia en CCM de América Latina y el Caribe Este es el blog del Programa de Incidencia para la sección de América Latina y el Caribe del Comité Central Menonita (CCM). Es un sitio para compartir ideas, historias y acciónes con respecto a temas críticas en la región. CCM es…

La presencia del Comité Central Menonita (CCM) en Honduras se inició en 1980 a petición de la Iglesia Evangélica Menonita Hondureña (IEMH) que estaba trabajando con los refugiados salvadoreños en la parte occidental del país. CCM apoyó la asistencia a los refugiados con recursos materiales y personal del CCM de…

Sobre el programa de Enlaces (español)

Visión General El programa de enlaces es una iniciativa de la construcción de la paz del Comité Central Menonita (CCM) que quiere romper las paredes entre personas y ampliar la perspectiva y conocimiento de los participantes para hacer cambios en las comunidades que los reciben y en sus propias comunidades.…

Por Adrienne Wiebe, CCM América Latina Las Menonitas han interpretado la llamada bíblica a la paz de varias maneras en su historia. En un viaje reciente, vi en Santa Cruz, Bolivia tres formas en las que las Menonitas estuvieron viviendo esta llamada a la paz. Una forma de la vida…

CCM inició su trabajo en Guatemala en 1976 después de un devastador terremoto en el país, que mató a más de 25.000 personas y desplazo a 1,25 millones. CCM inició su trabajo en El Salvador en 1981 en respuesta a la crisis de refugiados, generada por la guerra civil que…
