{"id":5850,"date":"2016-04-15T10:39:37","date_gmt":"2016-04-15T14:39:37","guid":{"rendered":"http:\/\/www.mcclaca.org\/es\/?page_id=5850"},"modified":"2016-04-15T10:49:21","modified_gmt":"2016-04-15T14:49:21","slug":"pagina-principal","status":"publish","type":"page","link":"https:\/\/www.mcclaca.org\/es\/","title":{"rendered":"P\u00e1gina Principal"},"content":{"rendered":"","protected":false},"excerpt":{"rendered":"","protected":false},"author":2,"featured_media":0,"parent":0,"menu_order":0,"comment_status":"closed","ping_status":"closed","template":"page-valenti-builder.php","meta":{"nf_dc_page":"","jetpack_post_was_ever_published":false,"footnotes":""},"class_list":["post-5850","page","type-page","status-publish","hentry"],"jetpack_sharing_enabled":true,"jetpack_shortlink":"https:\/\/wp.me\/P7pJjQ-1wm","jetpack-related-posts":[{"id":5857,"url":"https:\/\/www.mcclaca.org\/es\/haiti\/","url_meta":{"origin":5850,"position":0},"title":"Haiti","author":"Ted Oswald","date":"15 de abril de 2016","format":false,"excerpt":"El CCM en Haiti ha estado trabajando con asociados Haitianos desde 1958 para mejor las vidas de los mas vulnerables en el pa\u00eds. El trabajo de CCM en Hait\u00ed ha incluido: proyectos de alivio a desastres; salud publica; educaci\u00f3n; generaci\u00f3n de ingresos ; reforestaci\u00f3n y protecci\u00f3n del medio ambiente; viviendas;\u2026","rel":"","context":"Entrada similar","block_context":{"text":"Entrada similar","link":""},"img":{"alt_text":"MCC Haiti team pic","src":"https:\/\/i0.wp.com\/www.mcclaca.org\/wp-content\/uploads\/2016\/04\/MCC-Haiti-team-pic.jpeg?resize=350%2C200","width":350,"height":200},"classes":[]},{"id":12229,"url":"https:\/\/www.mcclaca.org\/es\/mexico\/proteccion-contra-el-abuso-acoso-y-la-explotacion-sexual-en-mexico\/","url_meta":{"origin":5850,"position":1},"title":"Protecci\u00f3n contra el abuso, acoso y la explotaci\u00f3n sexual en M\u00e9xico","author":"Admin","date":"19 de octubre de 2023","format":false,"excerpt":"\u00a1Gracias por tu inter\u00e9s en la protecci\u00f3n de ni\u00f1as y ni\u00f1os! En esta p\u00e1gina encontrar\u00e1s una serie de art\u00edculos informativos y algunos recursos audiovisuales cuya intenci\u00f3n es ayudarte a profundizar en el tema y saber c\u00f3mo abordarlo con las ni\u00f1as, ni\u00f1os y otras personas a tu alrededor, as\u00ed como obtener\u2026","rel":"","context":"Entrada similar","block_context":{"text":"Entrada similar","link":""},"img":{"alt_text":"","src":"https:\/\/i0.wp.com\/www.mcclaca.org\/wp-content\/uploads\/2023\/10\/kelly-sikkema-hS_eGxLjozs-unsplash-rsz.jpg?fit=1200%2C800&ssl=1&resize=350%2C200","width":350,"height":200,"srcset":"https:\/\/i0.wp.com\/www.mcclaca.org\/wp-content\/uploads\/2023\/10\/kelly-sikkema-hS_eGxLjozs-unsplash-rsz.jpg?fit=1200%2C800&ssl=1&resize=350%2C200 1x, https:\/\/i0.wp.com\/www.mcclaca.org\/wp-content\/uploads\/2023\/10\/kelly-sikkema-hS_eGxLjozs-unsplash-rsz.jpg?fit=1200%2C800&ssl=1&resize=525%2C300 1.5x, https:\/\/i0.wp.com\/www.mcclaca.org\/wp-content\/uploads\/2023\/10\/kelly-sikkema-hS_eGxLjozs-unsplash-rsz.jpg?fit=1200%2C800&ssl=1&resize=700%2C400 2x, https:\/\/i0.wp.com\/www.mcclaca.org\/wp-content\/uploads\/2023\/10\/kelly-sikkema-hS_eGxLjozs-unsplash-rsz.jpg?fit=1200%2C800&ssl=1&resize=1050%2C600 3x"},"classes":[]},{"id":12214,"url":"https:\/\/www.mcclaca.org\/es\/mexico\/que-nos-ensena-la-palabra-sobre-el-abuso-sexual\/","url_meta":{"origin":5850,"position":2},"title":"\u00bfQu\u00e9 nos ense\u00f1a la Palabra sobre el abuso sexual?","author":"Admin","date":"11 de octubre de 2023","format":false,"excerpt":"La palabra de Dios nos da un ejemplo de lo que no debemos hacer cuando se revela un caso de abuso sexual. Y es parte de la historia del rey David y sus hijos. 2 Samuel 13 nos cuenta el abuso sexual al que fue sometida Tamar, la \u00fanica hija\u2026","rel":"","context":"Entrada similar","block_context":{"text":"Entrada similar","link":""},"img":{"alt_text":"","src":"https:\/\/i0.wp.com\/www.mcclaca.org\/wp-content\/uploads\/2023\/10\/FOTO-4-PALABRA-Y-ABUSO-scaled.jpg?fit=1200%2C800&ssl=1&resize=350%2C200","width":350,"height":200,"srcset":"https:\/\/i0.wp.com\/www.mcclaca.org\/wp-content\/uploads\/2023\/10\/FOTO-4-PALABRA-Y-ABUSO-scaled.jpg?fit=1200%2C800&ssl=1&resize=350%2C200 1x, https:\/\/i0.wp.com\/www.mcclaca.org\/wp-content\/uploads\/2023\/10\/FOTO-4-PALABRA-Y-ABUSO-scaled.jpg?fit=1200%2C800&ssl=1&resize=525%2C300 1.5x, https:\/\/i0.wp.com\/www.mcclaca.org\/wp-content\/uploads\/2023\/10\/FOTO-4-PALABRA-Y-ABUSO-scaled.jpg?fit=1200%2C800&ssl=1&resize=700%2C400 2x, https:\/\/i0.wp.com\/www.mcclaca.org\/wp-content\/uploads\/2023\/10\/FOTO-4-PALABRA-Y-ABUSO-scaled.jpg?fit=1200%2C800&ssl=1&resize=1050%2C600 3x"},"classes":[]},{"id":1506,"url":"https:\/\/www.mcclaca.org\/espanol\/marcha-por-la-tierra-en-colombia\/","url_meta":{"origin":5850,"position":3},"title":"Marcha por Justicia Rural en Colombia","author":"Anna Vogt","date":"9 de abril de 2013","format":false,"excerpt":"Por Larisa Zehr, CCM Colombia Si la violencia fuera la soluci\u00f3n de todos nuestros problemas, dicen los l\u00edderes de un movimiento campesino en los Montes de Mar\u00eda, Colombia, los problemas se habr\u00edan solucionado hace trienta a\u00f1os. Una coalici\u00f3n de l\u00edderes de casa 30 comunidades han decidido unirse en una esfuerza\u2026","rel":"","context":"Entrada similar","block_context":{"text":"Entrada similar","link":""},"img":{"alt_text":"","src":"","width":0,"height":0},"classes":[]},{"id":1365,"url":"https:\/\/www.mcclaca.org\/espanol\/la-cuestion-de-la-quinoa-parte-2\/","url_meta":{"origin":5850,"position":4},"title":"La cuesti\u00f3n de la Qu\u00ednoa:  Parte 2","author":"Anna Vogt","date":"26 de febrero de 2013","format":false,"excerpt":"Por Kyle Navis, CCC Bolivia Como hablamos en este espacio la semana pasada, 2013 ha sido declarado el A\u00f1o Internacional de Qu\u00ednoa por la ONU as\u00ed como el gobierno de Bolivia, en un intento de desarrollar mercados internacionales y para extender las ventajas de esta comida muy nutritiva. Junto con\u2026","rel":"","context":"Entrada similar","block_context":{"text":"Entrada similar","link":""},"img":{"alt_text":"Quinoa harvest in Bolivia - Photo The Guardian","src":"https:\/\/lacaadvocacy.files.wordpress.com\/2013\/02\/quinoa-harvest-in-bolivia-008.jpg?w=350&h=200&crop=1","width":350,"height":200},"classes":[]},{"id":1205,"url":"https:\/\/www.mcclaca.org\/espanol\/tres-anos-despues-del-terremoto-la-oportunidad-de-oro-para-haiti\/","url_meta":{"origin":5850,"position":5},"title":"TRES A\u00d1OS DESPU\u00c9S DEL TERREMOTO: LA OPORTUNIDAD DE ORO PARA HAIT\u00cd?","author":"Anna Vogt","date":"14 de enero de 2013","format":false,"excerpt":"Por Kristen y Wawa Chege, Analistas de Pol\u00edtica y Coordinadores de Incidencia, CCM Hait\u00ed El 12 de enero era el tercer aniversario del terremoto en Hait\u00ed en 2010 que caus\u00f3 gran destrucci\u00f3n, incluyendo la muerte de aproximadamente 300.000 personas, y a otras 300.000 heridas. Adem\u00e1s de la p\u00e9rdida inmediata de\u2026","rel":"","context":"Entrada similar","block_context":{"text":"Entrada similar","link":""},"img":{"alt_text":"","src":"https:\/\/lacaadvocacy.files.wordpress.com\/2013\/01\/img_0227.jpg?w=350&h=200&crop=1","width":350,"height":200},"classes":[]}],"_links":{"self":[{"href":"https:\/\/www.mcclaca.org\/es\/wp-json\/wp\/v2\/pages\/5850","targetHints":{"allow":["GET"]}}],"collection":[{"href":"https:\/\/www.mcclaca.org\/es\/wp-json\/wp\/v2\/pages"}],"about":[{"href":"https:\/\/www.mcclaca.org\/es\/wp-json\/wp\/v2\/types\/page"}],"author":[{"embeddable":true,"href":"https:\/\/www.mcclaca.org\/es\/wp-json\/wp\/v2\/users\/2"}],"replies":[{"embeddable":true,"href":"https:\/\/www.mcclaca.org\/es\/wp-json\/wp\/v2\/comments?post=5850"}],"version-history":[{"count":1,"href":"https:\/\/www.mcclaca.org\/es\/wp-json\/wp\/v2\/pages\/5850\/revisions"}],"predecessor-version":[{"id":5851,"href":"https:\/\/www.mcclaca.org\/es\/wp-json\/wp\/v2\/pages\/5850\/revisions\/5851"}],"wp:attachment":[{"href":"https:\/\/www.mcclaca.org\/es\/wp-json\/wp\/v2\/media?parent=5850"}],"curies":[{"name":"wp","href":"https:\/\/api.w.org\/{rel}","templated":true}]}}

Página Principal

El CCM en Haiti ha estado trabajando con asociados Haitianos desde 1958 para mejor las vidas de los mas vulnerables en el país. El trabajo de CCM en Haití ha incluido: proyectos de alivio a desastres; salud publica; educación; generación de ingresos ; reforestación y protección del medio ambiente; viviendas;…

Protección contra el abuso, acoso y la explotación sexual en México

¡Gracias por tu interés en la protección de niñas y niños! En esta página encontrarás una serie de artículos informativos y algunos recursos audiovisuales cuya intención es ayudarte a profundizar en el tema y saber cómo abordarlo con las niñas, niños y otras personas a tu alrededor, así como obtener…

¿Qué nos enseña la Palabra sobre el abuso sexual?

La palabra de Dios nos da un ejemplo de lo que no debemos hacer cuando se revela un caso de abuso sexual. Y es parte de la historia del rey David y sus hijos. 2 Samuel 13 nos cuenta el abuso sexual al que fue sometida Tamar, la única hija…

Por Larisa Zehr, CCM Colombia Si la violencia fuera la solución de todos nuestros problemas, dicen los líderes de un movimiento campesino en los Montes de María, Colombia, los problemas se habrían solucionado hace trienta años. Una coalición de líderes de casa 30 comunidades han decidido unirse en una esfuerza…

La cuestión de la Quínoa:  Parte 2

Por Kyle Navis, CCC Bolivia Como hablamos en este espacio la semana pasada, 2013 ha sido declarado el Año Internacional de Quínoa por la ONU así como el gobierno de Bolivia, en un intento de desarrollar mercados internacionales y para extender las ventajas de esta comida muy nutritiva. Junto con…

TRES AÑOS DESPUÉS DEL TERREMOTO: LA OPORTUNIDAD DE ORO PARA HAITÍ?

Por Kristen y Wawa Chege, Analistas de Política y Coordinadores de Incidencia, CCM Haití El 12 de enero era el tercer aniversario del terremoto en Haití en 2010 que causó gran destrucción, incluyendo la muerte de aproximadamente 300.000 personas, y a otras 300.000 heridas. Además de la pérdida inmediata de…
